 the prime factors of y.
2
Let y be ((-8)/2)/2 + 110. Suppose 4*l = l + y. List the prime factors of l.
2, 3
Let h be ((-4)/6)/((-6)/45). Suppose 4*t - 2*n - 34 = 0, -t + 0*n + 13 = -h*n. List the prime factors of t.
2
List the prime factors of (-97 - -4)*(1 + -6 + 2).
3, 31
Let r = -8 + 10. Suppose r*b = -2*b + 236. List the prime factors of b.
59
Let k = 119 + -71. List the prime factors of k.
2, 3
Let l be 6/9 - (-790)/(-15). Let i = -30 - l. List the prime factors of i.
2, 11
Let c = -14 - -12. Let h(a) be the first derivative of a**4/4 + a**3 - a**2/2 + 1. List the prime factors of h(c).
2, 3
Let c = -48 + 90. List the prime factors of c.
2, 3, 7
What are the prime factors of (52/16)/(2/8)?
13
Let n(d) = -2*d + 20. Let b be n(9). Let j be 1 + ((-4)/2)/(-2). Suppose c - 2 = b*a, j*c + 4*a = 8 + 12. What are the prime factors of c?
2, 3
Suppose 16 = 3*o - 20. List the prime factors of o.
2, 3
Suppose 0 = q - 3*a - 414, 0*a + a + 1667 = 4*q. List the prime factors of q.
3, 139
What are the prime factors of ((-57)/4)/((-12)/256)?
2, 19
Let f(v) be the second derivative of -8*v**3/3 + v**2/2 + 2*v. What are the prime factors of f(-2)?
3, 11
Let q(c) = -c**2 + 8*c - 6. Let k be q(7). List the prime factors of ((-3)/k)/3*-37.
37
Let k(x) = x**3 - 2*x**2 + x - 1. Let w be k(2). Suppose 2*a - p + 6 = -w, -3*a - 9 = -p. What are the prime factors of 0*1/a + 10?
2, 5
Suppose d = -d. Suppose 4*r + 3*b = 23, 0 = -r - 5*b + 21 + 6. Suppose d*l - r = -l. What are the prime factors of l?
2
Let w(t) = -t**2 - 2*t + 105. What are the prime factors of w(0)?
3, 5, 7
Let i(u) = -5 + 5*u**3 - 7*u**3 - 5*u + u**2 + 2*u**2 - 5*u**2. What are the prime factors of i(-2)?
13
Let t be (-2)/4 + 7/2. Suppose -l - 10 = -t*l. Suppose 4*q - 3*a - 32 = 2, 0 = l*q + 3*a - 29. What are the prime factors of q?
7
Let h = 0 + 3. Let g be 1/(h/9) + 0. Suppose -7*f = -4*f - 3*s - 36, -g*f - 3*s = -18. What are the prime factors of f?
3
Suppose -z = 0, -5*l - 2*z - 2*z = -300. Suppose -5*f + f + l = 0. What are the prime factors of f?
3, 5
Let m = 155 - -19. List the prime factors of m.
2, 3, 29
Suppose 32 = 3*z - 5*k, -4*k - 2 - 10 = z. Let q(c) = c. Let i be q(z). Suppose 27 = i*a - a. What are the prime factors of a?
3
Suppose 4*x + s = 90, -2*x + 7*s + 34 = 2*s. List the prime factors of x.
2, 11
Suppose -26*p = -31*p + 450. What are the prime factors of p?
2, 3, 5
Let a(c) = -c**2 - 4*c - 7. Let r(m) = -m**2 - 3*m - 6. Let k(u) = -3*a(u) + 2*r(u). Let b(t) = t - 10. Let o be b(4). List the prime factors of k(o).
3
Let f be 1/(-3) - (-604)/12. Suppose -4*g = 5*c - 122, -4*c + f = 4*g - 46. List the prime factors of c.
2, 13
Let t(j) = 4*j - 14. List the prime factors of t(9).
2, 11
Let c(b) = 2*b**2 + 7*b - 7. List the prime factors of c(-7).
2, 3, 7
Let i = 57 - 37. What are the prime factors of i?
2, 5
Suppose -10 = -4*i + b, 3*i - 9 = -2*i + 3*b. Suppose -g + i = 1. What are the prime factors of g?
2
Suppose 4*p - 104 = -d + 5*d, 0 = -3*p - 5*d + 86. What are the prime factors of p?
3
What are the prime factors of (-7 - -10)/((-6)/(-140))?
2, 5, 7
Let p(c) be the first derivative of 2*c**2 - 8*c + 2. List the prime factors of p(6).
2
Let b(w) = -8*w**3 + 3*w**2 - w. Let i be b(2). Let d = i + 18. Let o = -21 - d. What are the prime factors of o?
3, 5
Let q(v) = -v**2 - 5. Let g be q(-4). What are the prime factors of (-2)/7 - 888/g?
2, 3, 7
Suppose -2*w - m + 6 = 0, 4*w = 3*w + 5*m + 14. Suppose w*d - 85 - 19 = 0. List the prime factors of d.
2, 13
Let o be -4 - 0/1 - 1. Let t = 9 + o. List the prime factors of t.
2
Let r(l) = -3*l**2 + 2*l + 1. Let h be r(3). List the prime factors of h/30*282/(-4).
47
Suppose 2*l = l + 34. What are the prime factors of l?
2, 17
Suppose 7*i - 907 - 451 = 0. What are the prime factors of i?
2, 97
Suppose -20 = -0*j - 4*j. Suppose -11 = j*w - 101. What are the prime factors of w?
2, 3
Let i(o) = o - 2. Let k be i(4). Suppose 4*l + 3*b - 16 = 7*b, 0 = -k*l - 2*b + 12. What are the prime factors of l?
5
Let h(b) = 10*b**2 - b. Suppose -5 = -3*i + 7. Let g = -3 + i. List the prime factors of h(g).
3
Let x = 0 + 9. What are the prime factors of x?
3
Suppose -4 = -s - 16. What are the prime factors of ((-3)/(s/(-28)))/(-1)?
7
Suppose 0 = -2*w - 4, 6*d - 2*d + 3*w - 1706 = 0. List the prime factors of d.
2, 107
Suppose 2*q = -q - 6, 4*c - 5*q = 558. List the prime factors of c.
137
Let z be (-84)/(-70) - 1/5. Suppose -s + z = -4. List the prime factors of s.
5
Let v be 2*(2/1 - 0). Let x = v + -10. Let u(t) = -t**3 - 5*t**2 + 4*t - 5. List the prime factors of u(x).
7
Let q = 10 - -88. What are the prime factors of q?
2, 7
Let l(q) = -8*q**3 + q**2 + q - 2. Let v be l(2). List the prime factors of (-2)/(-5) - 696/v.
2, 3
Let f(r) = r**2 + r - 1. Let p(q) = q**2 + 6*q + 1. Let s(c) = 2*f(c) - p(c). What are the prime factors of s(6)?
3
Suppose -3*w + 13 = 1. Suppose 53 = 2*v + 2*i - 5, -4*v + 91 = -i. What are the prime factors of (v/18)/(w/6)?
2
Let s(y) be the second derivative of 13/6*y**3 - 1/2*y**2 + 0 + y. List the prime factors of s(1).
2, 3
Let i be 7 - (-1 - (1 + -2)). Let q = i + -3. Suppose -x = -2*z + 4*x + 25, -q*x = 3*z - 3. What are the prime factors of z?
5
Let a(l) = l**3 + 10*l**2 + 15*l + 3. What are the prime factors of a(-6)?
3, 19
Suppose -4*f + 33 = 9. What are the prime factors of (-36)/9*f/(-8)?
3
Let o be (990*(-5)/(-2))/(-1). List the prime factors of (-4)/14 - o/63.
3, 13
Let m(u) = -10*u - 4. Let t be m(-4). Suppose 5*b - b = -t. List the prime factors of (-6)/b*1*15.
2, 5
Let n = 15 + -12. What are the prime factors of (5/(-2) + n)*58?
29
Suppose -6*z - 23 = -3*i - 2*z, -4*i + 33 = -3*z. Let b(q) = -q**3 + 8*q**2 + 11*q - 6. List the prime factors of b(i).
2, 3
Suppose 14 = 5*c - 1. Suppose 37 = 3*k - 5*j - c, -4*k = 5*j - 100. List the prime factors of k.
2, 5
Let n be ((-1)/1*1)/1. Let v = 7 + n. List the prime factors of v.
2, 3
Let p(g) = -g**3 - 4*g**2 - g + 2. Let v = 6 - 10. Let t be p(v). Let j = 1 + t. What are the prime factors of j?
7
Let q be 2/(-3) + (-11)/(-3). Suppose 0 = -2*y - 4, -2*y = -5*m - q*y + 83. Suppose 5 - m = -3*d. List the prime factors of d.
2
Suppose -8*f - 44 = -4*f. Suppose 3*p + 5*o + 62 = 0, o - 4 = -5. Let v = f - p. What are the prime factors of v?
2
Let f(p) = p**3 + 12*p**2 + 10*p - 9. Let v be (0 - 2)*(-22)/(-4). Let g be f(v). List the prime factors of 3 + (-2 + 8 - g).
7
Suppose -2*b + f = 2*b - 5, 2*f = b + 4. Suppose 206 = 4*a + b*n + 62, -4*a - n = -142. List the prime factors of a.
5, 7
Suppose -4*b + 198 = -2*y, 5*b - 5*y - 99 - 141 = 0. What are the prime factors of b?
3, 17
Let b(y) be the third derivative of -y**5/30 - y**4/24 + y**3/6 - y**2. Let q be b(1). Let x = q + 6. What are the prime factors of x?
2
Let y be -3*(-1 - (-3)/(-9)). Suppose y*j + j - 70 = 0. List the prime factors of j.
2, 7
Suppose -18 = -z - 5*m, 2*m = 2*z - 0*m. Suppose -2*s - z = -s. Let y = 6 + s. List the prime factors of y.
3
Let x = 19 + 20. List the prime factors of x.
3, 13
Let y(z) = z**3 - 4*z**2 + 2*z - 6. Let f be y(4). Let o be f*(2 - 1)*-1. Let p = 7 - o. What are the prime factors of p?
3
List the prime factors of (-1 + 29/2)*2.
3
Let t be -12*4/(-6) + -3. Suppose -1 = -2*f + t. List the prime factors of f.
3
Suppose -m = 2 - 5. Suppose 0 = m*o + g - 8, o + 3*g = g + 1. List the prime factors of o.
3
What are the prime factors of ((-50)/(-8))/(4/16)?
5
What are the prime factors of 13 + 0 + 12/4?
2
Let o(i) = 7*i**2 + 3*i + 2. Let x(a) = -29*a**2 - 13*a - 8. Let h(j) = 9*o(j) + 2*x(j). What are the prime factors of h(-2)?
2, 5
Let c(u) = u**3 - 11*u**2 + 9*u + 12. Let f be c(10). Suppose 3*m - f*l - 27 = 2*m, 53 = 2*m - 5*l. List the prime factors of m.
29
Let f be (-86)/(-3) - 4/6. Let a = f + -16. What are the prime factors of a?
2, 3
Suppose 4*s + 18 = 7*s. Let h = s + -2. Let k(b) = -b**2 + 6*b - 5. List the prime factors of k(h).
3
Suppose -3*d + 46 = -533. What are the prime factors of d?
193
Suppose -h + 2*x + 66 + 83 = 0, 4*x - 584 = -4*h. List the prime factors of h.
3, 7
Let k be (0 + 3/(-6))*-2. Let x = k - -6. What are the prime factors of x?
7
Suppose 2*y - 11 = p, 4*p - 3*p + 6 = y. Suppose 60 + y = 5*g. What are the prime factors of g?
13
List the prime factors o